= p + -113. Suppose b = 4*b - j. What are the prime factors of b?
2, 3
What are the prime factors of (5220/(-24) - 0)*-10?
3, 5, 29
Suppose 8 = -5*n + 7*n. Suppose n*b + 3*f = 245, -4*b + 251 = -3*f + 8*f. List the prime factors of b.
59
Suppose 27*b - 64710 - 3627 = 0. What are the prime factors of b?
2531
Let c(i) = -2*i + 1 - 10*i + 4*i. Let j be c(-1). Let w(q) = 2*q - 2. What are the prime factors of w(j)?
2
Let g(n) = 6*n**2 + 12*n - 73. What are the prime factors of g(8)?
11, 37
Let g(i) = i + 15. Let s be g(-13). Suppose -s*n - 10 = -7*n. Suppose -4*d - 52 = -3*h, d - n*d = 3*h - 62. List the prime factors of h.
2, 5
Suppose 0 = -7*t + 12*t - 570. Let h = 320 + -155. Let p = h - t. List the prime factors of p.
3, 17
Suppose -k + 6 + 6 = 3*o, -2*o - 9 = -5*k. Let g = -96 + 151. Suppose -o*l = -14 - g. List the prime factors of l.
23
Let x(p) = 6*p**2 - 2*p + 1. Let t be x(1). Suppose y - 6 + 2 = 0, 0 = 5*v + t*y + 450. Let n = -35 - v. What are the prime factors of n?
59
Let s = -100 - -211. Suppose 0 = -5*h + 609 + s. Suppose 0 = -7*t + 10*t - h. List the prime factors of t.
2, 3
Suppose -2*c = q + q - 2846, -5*c = -5*q - 7085. What are the prime factors of c?
2, 5, 71
Suppose 4*v + 51*v = 47905. What are the prime factors of v?
13, 67
Let n be (-28)/(-21)*(-9)/(-3). Suppose n*d + 0*r + 4*r = 532, 266 = 2*d + 3*r. What are the prime factors of d?
7, 19
Let o = 21 + -19. List the prime factors of 2613/9 + (-7)/3 + o.
2, 5, 29
Suppose 3*r + 6210 = 9*r. What are the prime factors of r?
3, 5, 23
Let s = 306 - -135. List the prime factors of s.
3, 7
Let r(t) = -t**2 + 5*t - 4. Let f be r(1). Suppose f = c - 89 - 27. List the prime factors of c.
2, 29
What are the prime factors of -60*3/(45/(-140))?
2, 5, 7
Let h be 3*((-8)/(-3) + 3). Suppose -4*r - x + h = 0, 0 = 2*r + r + 4*x - 16. Suppose -r*i = -2*i + 3*g - 121, 3*i - 185 = -g. What are the prime factors of i?
2, 31
Let h be 3066/(-630) - 4/30. Let p(l) be the third derivative of l**6/120 + l**5/10 - 5*l**4/24 - l**3/6 + l**2. What are the prime factors of p(h)?
7
Let x = 5538 - 2499. What are the prime factors of x?
3, 1013
Let g = 37 + -35. Suppose 4*k - 2*r = 486, 0 = -g*k + 2*r + 128 + 116. What are the prime factors of k?
11
Suppose -22*q + 18*q = 168. Suppose -5*p - 98 = -4*i, -3*i = 2*p - 7*p - 101. Let l = p - q. What are the prime factors of l?
2, 5
What are the prime factors of (171/(-76))/((-3)/264*1)?
2, 3, 11
Suppose 58904 = 24*j + 10592. List the prime factors of j.
3, 11, 61
Let l(h) = -8*h - 32. What are the prime factors of l(-13)?
2, 3
Suppose -2*n + 57*d = 59*d - 7234, n - 3626 = 2*d. List the prime factors of n.
2, 5, 181
Suppose -5 - 1 = 3*z. Let g = 0 - z. Suppose g*s - 22 = 54. What are the prime factors of s?
2, 19
Let o(m) = -m - 1. Let i be o(-3). Suppose 3*a = i*a. Suppose -4*y - b + 107 = 0, 6*b - b + 25 = a. List the prime factors of y.
2, 7
Suppose 0 = -212*m + 203*m + 36495. List the prime factors of m.
5, 811
Let x = 970 - 543. What are the prime factors of x?
7, 61
Let y(a) = 9*a - 134. List the prime factors of y(35).
181
Let w(t) = -8*t**2 + 2. Let c be w(-4). Let v = 187 + c. List the prime factors of v.
61
Let m(i) = i**2 + 3*i + 1. Let k = 18 - 16. Suppose u - 28 = 4*s, 4*s + 0*u + 28 = -k*u. What are the prime factors of m(s)?
29
Suppose -4*v + 2132 = -4*x, v + 2*v + 2*x = 1594. Suppose 0*c - v = -7*c. What are the prime factors of c?
2, 19
Let b(i) = i**2 + 18*i + 66. What are the prime factors of b(-22)?
2, 7, 11
Let q(f) = f**3 - 7*f**2 - f + 4. Let l be q(7). Let m be 8/(-24) - 4/l. Let v(r) = 11*r**3 - 1. List the prime factors of v(m).
2, 5
Let n be (-37)/(-7) + ((-9)/7 - -1). Suppose -4*u + 4*m = 3*m - 437, 0 = -n*u - 5*m + 540. What are the prime factors of u?
109
Suppose -4*b - 7*a + 3036 = -3*a, 0 = b + 3*a - 767. What are the prime factors of b?
5, 151
Suppose a + 4*f - 20 = -f, 2*f = 2*a - 4. Suppose -w + 2*w - 49 = -l, -l = 4*w - 40. Suppose -a*q = -3*x + l, x + 6*q - 23 = 2*q. List the prime factors of x.
19
Let o(v) = -3*v - 15. Let j be o(-5). Suppose 5*x = 2*z - 20, 3*z + j*z + 2*x + 8 = 0. Suppose z*t = -3*t + 15. What are the prime factors of t?
5
Let k(s) = s - 4. Let j be k(7). Suppose 0 = j*c - 1 - 11. Suppose 5*a = -2*f + 58, -12 - 92 = -c*f - 4*a. List the prime factors of f.
2, 3
Suppose 70*t - 3059 = 63*t. List the prime factors of t.
19, 23
Suppose -14*d - 583 - 61 = 0. Let u = d - -50. List the prime factors of u.
2
Let t = 60 + -56. Let w be 3/6 + 47/2. Suppose -t*c + 56 = -w. List the prime factors of c.
2, 5
Suppose q - 4 = -3*q. Let h(z) = 138*z. Let w(d) = -55*d. Let y(s) = 5*h(s) + 12*w(s). List the prime factors of y(q).
2, 3, 5
Let t be (3 - 3)/(-4 + 6). Suppose z + 5*f - 3 = -0*z, t = -3*f + 9. Let l = z + 14. What are the prime factors of l?
2
Let w = -143 + 214. Let s(b) = 4*b - 14. Let l be s(10). Let a = w - l. What are the prime factors of a?
3, 5
Let j be (-2 - 0/2) + 0. Let t be (-26)/(5/(-2) - j). What are the prime factors of -1*4*t/(-8)?
2, 13
Let p(j) = 148*j - 2. Let v be p(1). Let y = 249 - v. List the prime factors of y.
103
Suppose 2*b = 3 + 3. Suppose -11 = -b*o + 4. Suppose o*u - 70 = 4*u. List the prime factors of u.
2, 5, 7
Let z be 914/5 + (-7)/(-35). Let m = z + -96. What are the prime factors of m?
3, 29
Let w(m) = -m**3 + 7*m**2 + 3*m - 5. Let c be w(7). Suppose 3*k - 9 = -3*b, -c = -3*k + b + 9. List the prime factors of k.
7
Let c(a) = 3*a**2 - 52*a - 38. What are the prime factors of c(-23)?
3, 5, 61
Let r be (3 - 46/12)*-6. Let q be r/20 - (-21)/(-4). Let p(o) = -o + 6. List the prime factors of p(q).
11
Suppose 0 = -2*z + 380 + 258. List the prime factors of z.
11, 29
Let m be (2 - 3)/(5/(-845)). Suppose 3*s = p + 21 - 70, -5*p - 4*s + m = 0. List the prime factors of p.
37
List the prime factors of 0 + 0/(-3) + 894.
2, 3, 149
Suppose -20*d + 99 = -17*d. Let k = 37 - d. Suppose 2*w = -8, k*v - 5*w = 152 - 4. What are the prime factors of v?
2
Suppose 24 = -3*r + 66. Suppose a - r = 144. Suppose -a - 7 = -5*d. List the prime factors of d.
3, 11
Let b be (-24)/(-108) + (-38)/9. What are the prime factors of (18/b)/(4/(-48))?
2, 3
Let f be 8 + -9 + 1 + -3. Let z(t) be the first derivative of t**3 - 3*t**2/2 - 7*t + 1. What are the prime factors of z(f)?
29
Suppose -166844 = 58*u - 111*u. What are the prime factors of u?
2, 787
Suppose -2*x - 224 = -9*x. Let d = 68 - x. List the prime factors of d.
2, 3
Suppose -15*u = -13*u - 94. Let j = -26 + u. What are the prime factors of j?
3, 7
Suppose -19*i + 17*i = -1242. What are the prime factors of i?
3, 23
Let p be ((-12)/(-3) - -1)/(-1 + 2). Suppose 0 = -m - 2*m - 9, 0 = r - p*m - 201. List the prime factors of r.
2, 3, 31
Let m = 93 - 58. Let i = -38 + 18. Let a = m - i. List the prime factors of a.
5, 11
Let q(u) = -2*u**3 + 2 + 0*u**2 - 2 - 1 - u - 2*u**2. Let h be q(2). Let m = 55 + h. What are the prime factors of m?
2, 7
Let n = -4565 + 8603. List the prime factors of n.
2, 3, 673
Let f be (-2*(-1 - -3))/(4/(-616)). Suppose 3*w - 4*a + 0*a = f, -3*a = 4*w - 838. List the prime factors of w.
2, 13
Suppose 13*x - 19103 = -2099. List the prime factors of x.
2, 3, 109
List the prime factors of (6 + 12 + -17)/((-1)/(-4355)).
5, 13, 67
Suppose -2*k + 4 = -4. Suppose -k*b + 250 = -122. List the prime factors of b.
3, 31
Let n(m) = -15*m**2 + 2. Let l be n(2). Suppose -13*d + d = -1296. Let i = l + d. List the prime factors of i.
2, 5
Let c(f) = -7*f**3 + f**2 + 6*f - 10. Let b(z) = 6*z**3 - 5*z + 9. Let g(h) = -5*b(h) - 4*c(h). List the prime factors of g(-4).
5, 11
Suppose 4*i - 119 = -5*c + 88, 5*c - 219 = 2*i. Let v = c + 54. List the prime factors of v.
97
Let a(d) be the first derivative of -87*d**2/2 + 3*d - 6. List the prime factors of a(-1).
2, 3, 5
List the prime factors of (816/(-680))/(-2*1/3300).
2, 3, 5, 11
List the prime factors of ((-25)/(-35))/(-5) + (-179275)/(-35).
2, 13, 197
Let v(f) = 18*f - 4. Let a be v(-2). Let j = 204 + a. What are the prime factors of j?
2, 41
Let w(n) be the first derivative of -15*n**4/2 + n**2/2 - 16. List the prime factors of w(-1).
29
Let d = 5600 + -3233. List the prime factors of d.
3, 263
Suppose 0*r - 270 = -6*r. Suppose 0 = -v - 2*y + r, -2*v + y - 75 = -4*v. List the prime factors of v.